.
11
Suppose 4*w + 4*m - 76 = 0, 3*w - 2*w = 4*m + 19. Calculate the greatest common divisor of 152 and w.
19
Suppose -4*h = h - 35. Let v(x) = x**2 + 2*x + 9. Let a be v(h). Suppose 292 + a = 4*i. What is the greatest common divisor of i and 13?
13
Suppose -606 = -3*z - 2*c, z + 105 - 320 = -5*c. Let v = 61 + -41. What is the greatest common factor of v and z?
20
Let j(x) = 3*x - 5. Let l be j(4). Let o = l + -8. Let i be 49/2 - o/(-2). What is the greatest common factor of 6 and i?
6
Let f = 14 - 9. Suppose z + 2 = 1. Let a = z + f. What is the highest common divisor of 36 and a?
4
Let m = 41 + -6. Let x(z) = z**3 + 2*z**2 - 6*z - 4. Let f be x(-4). Let l = f - -26. What is the greatest common divisor of m and l?
7
Suppose -2*y = -0*y + 6, -3*m = -5*y - 21. Let q(t) = 4*t**3 + 3*t - 3. Let b be q(m). Calculate the greatest common divisor of b and 14.
7
Let v = 6 - 4. Suppose -2*s + c + 8 = v*c, -s - 2 = -c. Suppose s*y + 76 = 2*i - y, 2 = -y. Calculate the greatest common divisor of 14 and i.
7
Let t be 1/(2 - (-14)/(-8)). Let b be (t/6)/(5/45). Calculate the highest common factor of 2 and b.
2
Suppose -5*z + 9 = -s, -2*z + 5*z + 17 = 2*s. Suppose 2*q = -0*q - s. Let o be 1/(-2)*2*q. Calculate the highest common divisor of o and 8.
8
Let u be 1 + 1 + -4 + 3. Let s be (2 + 1 - 2)*u. Calculate the greatest common factor of s and 1.
1
Suppose -26 = -5*i + 4. Let t(z) = 3*z - 17. Let c be t(7). What is the greatest common factor of i and c?
2
Suppose w - j + 229 = 0, -2*j + 692 = -3*w - 0*j. Let f be (20/(-15))/(3/w). What is the highest common divisor of 13 and f?
13
Suppose 25 = 20*t - 15*t. Let b be ((-6)/t)/((-6)/15). What is the highest common factor of b and 33?
3
Suppose -5*y + 9 = -21. Let w be 50 - 7 - (-1 + 2). What is the greatest common factor of y and w?
6
Let h be (-1 + -5)*9/(-6). Suppose 31 + h = 4*r. What is the highest common factor of 50 and r?
10
Suppose -49 + 19 = -5*s. What is the greatest common factor of 66 and s?
6
Let u be (1 - (-5)/1) + 1. Let b = -6 + u. Let r(x) = 145*x**3 - x**2 + x - 1. Let n be r(b). Calculate the highest common divisor of n and 16.
16
Let y(s) = -6*s - 2. Let z = -1 - 4. Let v be y(z). Calculate the greatest common factor of v and 70.
14
Suppose -7*a - 3 = -4*a, 3*a = -3*l + 33. Calculate the greatest common divisor of l and 6.
6
Suppose 5*v = -5*z - 230, 0 = v + 2*v - 4*z + 152. Let j = -28 - v. Calculate the highest common divisor of j and 10.
10
Suppose u - 18 + 7 = 0. Let i(v) = -2*v**2 + 2. Let r be i(-2). Let x(a) = -15*a - 2. Let t be x(r). What is the greatest common divisor of u and t?
11
Let u(z) = -9*z**3 - 1. Let s be u(-1). Let x = -5 - -9. Suppose 0 = 2*t - 0*t - x. What is the highest common divisor of t and s?
2
Let l(j) be the second derivative of -j**4/6 - 8*j**3/3 - 9*j**2/2 + 2*j. Let q be l(-12). Let w = -73 - q. What is the greatest common factor of 4 and w?
4
Suppose 0 = -4*m - 4*q, -3*m - 2*q + 2 - 5 = 0. Let i = -1 - m. Calculate the highest common factor of 2 and i.
2
Let w = 5 - -4. Suppose 2*m - w = -5. Suppose -4*i - 2*v + 6 = 0, 2 = 3*i + m*v - 0. What is the highest common divisor of i and 2?
2
Let f be (6 - 1)*(-189)/(-5). What is the highest common factor of f and 21?
21
Suppose l - 95 = m, l - 6*l - 4*m + 520 = 0. What is the greatest common factor of 20 and l?
20
Suppose -4*y + 2*n + 6 = -0*y, 0 = -5*n + 25. Suppose k = y*k - 54. Calculate the greatest common divisor of k and 144.
18
Let z(y) = -5*y + y + 0*y + 2*y + y**2. Let d be z(-4). What is the highest common divisor of d and 36?
12
Let k(j) = 7*j - 1. Let r be k(4). Suppose r = 5*m + 3*w - 28, 0 = -5*w. Suppose 3*s - 132 = -3*c, m = 2*c + 3. What is the greatest common factor of s and 5?
5
Let h(d) = d**3 + 6*d**2 + 4*d + 4. Let o be h(-5). Let z(m) = m**3 - 10*m**2 + 12*m + 2. Let k be z(o). What is the greatest common factor of 87 and k?
29
Let s(w) = -w**2 + 5*w - 2. Let g be s(4). Suppose g*k - 16 = 2*i + 2*i, 4*k - 3*i = 22. Let p be 4*3*6/k. What is the greatest common factor of p and 2?
2
Suppose x - 124 = -4*v, 106 + 70 = 5*v - 4*x. What is the greatest common factor of v and 80?
16
Let f = 54 + -38. Let m be (2*-42)/(-2) - -2. Let l = 36 + m. Calculate the greatest common factor of l and f.
16
Let a = -5 - 0. Let h(z) = -4*z - 2. Let w be h(a). Suppose 0 = 4*y - 8*y - 20, 4*y = j - 56. What is the highest common divisor of w and j?
18
Let q(g) = 29*g - 33. Let d be q(5). Let m(j) = -2*j**2 + 4*j - 3. Let w be m(4). Let x = -3 - w. Calculate the greatest common divisor of x and d.
16
Suppose -5*t + 2*k = -35, 0 = 4*t + 4*k - 3*k - 15. Suppose 4*r + 40 = 3*v + 2*r, 5*v - 70 = t*r. What is the highest common divisor of v and 12?
12
Suppose 0 = -2*q + 3*z + 46, -2*q + q = -z - 25. Let v(t) = -23*t + 1. Let k be v(-5). Calculate the greatest common divisor of k and q.
29
Let w(c) = -3*c + 9. Let p be w(-4). Calculate the highest common factor of p and 3.
3
Suppose -3*u + 105 = 2*t + 30, -4*t - 4*u = -148. Calculate the greatest common divisor of t and 24.
12
Let j be 2/8 - 2/8. Let z = j + 4. Let m be 2/(-7) - (-60)/14. What is the greatest common divisor of m and z?
4
Let d = 2 + 0. Let v(i) be the third derivative of i**4/24 - i**3/6 + 2*i**2. Let l be v(7). What is the greatest common factor of d and l?
2
Suppose 5*w - 15 = 2*w. Suppose -p - 18 = -w*i, -5*p + 16 = 3*i - 6. Calculate the highest common factor of i and 28.
4
Let c(j) = -j**3 + 10*j**2 + 10*j + 38. Let w be c(11). Let a be (-184)/(-10) + (-6)/15. What is the greatest common divisor of w and a?
9
Let g(o) = -4*o + 1. Let w be g(-3). Let j = 0 + w. Suppose -3*x + 213 = -21. What is the greatest common factor of x and j?
13
Let i = -15 + 24. Let n(w) = w**3 - 9*w**2 - 11*w + 6. Let m be n(10). Let y be (18/m)/(6/(-24)). Calculate the highest common factor of i and y.
9
Suppose -5*o - 2*x + 20 = -3*x, 3*x = -o - 12. Calculate the greatest common divisor of o and 3.
3
Let q be 634/6 + 5/15. Suppose n - 74 = -4*p + 68, 3*p + n - q = 0. What is the greatest common divisor of 54 and p?
18
Suppose -5*w + 43 = -3*f, 2*w = -0*w - 5*f + 11. Suppose 0 = j - 18 + 2. Suppose -4*v = j - 272. Calculate the highest common factor of w and v.
8
Let v = -49 + 84. What is the greatest common factor of v and 245?
35
Suppose 0*b = 3*b - 126. Calculate the highest common factor of 28 and b.
14
Let x be (-22)/(-33)*276/2. Suppose g + x = 5*g - k, g = 5*k + 4. What is the highest common divisor of g and 48?
24
Suppose 2*z - 4*t = 28, z = -z - 3*t - 7. Let c(l) = 6*l - 3*l + 8*l - 3 + z. Let y be c(1). Calculate the highest common divisor of y and 6.
6
Let q be 2 + (0 - (0 - 0)). Suppose 28 = q*s - 0*s. Let z = -4 + 6. What is the highest common factor of s and z?
2
Suppose -4 = -z + 1. Suppose -81 = -z*g + 2*g. Suppose 0*p + 5*p - 90 = 0. What is the highest common factor of p and g?
9
Let x be 0 + 270/6 - 1. Calculate the highest common divisor of x and 308.
44
Suppose 3*u + 0*u = 360. What is the highest common factor of 12 and u?
12
Let f = 58 - -161. Suppose -5*t = -4*p - 7 + f, 0 = -2*p - 3*t + 84. Calculate the highest common divisor of 12 and p.
12
Suppose 5*b - 306 = -2*i + 56, -2*i = -2. Suppose 3*k + 0*k = b. Calculate the greatest common divisor of k and 6.
6
Suppose -15 = -5*h + 75. Suppose f - 6 = h. Let c = f + -9. Calculate the highest common divisor of c and 75.
15
Let z be 2/4 - (-1)/2. Let l be 4/(15/9 - z). What is the greatest common factor of l and 30?
6
Let k(g) be the second derivative of -g**3/3 - 5*g**2 - g. Let a be k(-9). What is the highest common factor of 1 and a?
1
Let d(x) = 228*x + 8. Let y be d(-6). Let b be 2/(-9) + y/36. Let c = b - -58. What is the greatest common factor of 4 and c?
4
Let k(j) = -j**2 + 5*j - 1. Let i be k(4). Let y be (15/9)/(i/9). Suppose 3*t + 38 = y*m, 18 = -m + 5*t + 8. Calculate the greatest common factor of 50 and m.
10
Suppose 6*p = 5*p + 4. Calculate the highest common factor of p and 12.
4
Let s be ((-1)/(-1) + 1)*6. Let t be (-7 - -8) + 1 + (-1)/(-1). Calculate the greatest common divisor of s and t.
3
Suppose 0*v - 5*v + 3*c = -490, 3*v + c - 280 = 0. Suppose b - 19 = -3*g, 0 = 2*b - g - 0*g - 38. What is the greatest common divisor of v and b?
19
Suppose -j - 4*q = -3*j - 18, -2*q = -2*j - 